he tens digit of (a/3)/(1/(-3))?
1
Let d = -8 + 19. Suppose -3*t + d = 2. Suppose -t*r - r = -60. What is the tens digit of r?
1
Let b be 0*(0 + (-1)/(-1)). Suppose 4*h + 32 = 2*q - 6*q, -5*q - 3*h - 40 = b. Let c = q + 12. What is the units digit of c?
4
What is the units digit of 441/12 - 18/24?
6
What is the hundreds digit of ((-10785)/(-18))/5 + (-2)/(-12)?
1
Suppose -4 = -2*r - 144. Let m = r - -102. What is the tens digit of m?
3
Let q(w) = 2*w**2 + w - 2. What is the units digit of q(1)?
1
Suppose 0 = 3*t - 2*s - 3*s - 693, -2*t = 4*s - 462. What is the units digit of t?
1
Let b(h) = -h + 8. What is the units digit of b(3)?
5
Let h = 18 + -25. Let a = 18 - h. What is the tens digit of a?
2
Let q = 4 - 1. Suppose -q*w + 10 = 1. What is the units digit of w?
3
Suppose 0 = -4*l - 18 + 2. Let f = l - -15. Let j = f - -2. What is the tens digit of j?
1
Let j(o) = 13*o**2 - o + 7. What is the hundreds digit of j(3)?
1
Let c(b) = -b**2 - 6*b. Let y(s) = s**2 + 11*s + 5. Let z be y(-10). Let i be c(z). Suppose -4*l + 0 + 4 = -5*n, 0 = i*n. What is the units digit of l?
1
Let z(l) be the second derivative of 0 - 3*l**2 - l - 1/3*l**3. What is the units digit of z(-6)?
6
Let x be -1*((2 - 6) + -1). Suppose 0 = x*l - l - 88. What is the tens digit of ((0 + -1)*l)/(-2)?
1
Let m be 2*-5*(-2)/4. Suppose 0 = m*h - 57 - 23. What is the tens digit of h?
1
What is the units digit of 1 + (-3)/(6/(-80))?
1
Suppose -9*c - 1274 + 3263 = 0. What is the hundreds digit of c?
2
Let x(g) = g + 1. Let w(n) = 3*n - 1. Let r(c) = -w(c) + 2*x(c). Let v be r(6). Let d(s) = 3*s**2 + 5*s + 2. What is the tens digit of d(v)?
1
Let l(p) = -2*p**2 + 13*p - 17. Let j(y) = -y**2 + 6*y - 8. Let r(s) = -5*j(s) + 2*l(s). Let c(b) = 3*b - 1. Let m be c(2). What is the tens digit of r(m)?
1
Let i(t) = -t + 11. Suppose 0*u = 5*u - 35. Let j be i(u). Suppose s - 35 = -j*s. What is the units digit of s?
7
Suppose -6*n + 412 = 3*d - 4*n, n = 4*d - 531. What is the units digit of d?
4
Let a be (-6)/39 + 236/13. Let n = 7 + a. Suppose n = 3*l + 1. What is the units digit of l?
8
Suppose -4*r - 5*b - 31 = 0, r - 2*r - 1 = -b. Let m be (1 + 1)/2 + r. Let n = m - -5. What is the units digit of n?
2
Suppose 0*d - 11 = 2*d - 5*k, -3*k + 18 = -5*d. Let v be (d - (-3 - 1)) + 0. What is the tens digit of 14/v + 2/(-1)?
1
Let k(n) = -2*n + 1. What is the units digit of k(-1)?
3
Let m be (16/(-20))/(2/(-5)). Suppose m*q - 7*q = 5*s - 10, -s + 5*q = -26. Suppose 14 = v + 3*a, -2*a - 27 = -3*v - s*a. What is the units digit of v?
5
Suppose 4*p + 3*i + 51 = 8*p, -5*i = 3*p - 31. What is the tens digit of (-3)/9 + 148/p?
1
Let m = 14 + 11. What is the tens digit of m?
2
Suppose 0 = -x + 6*x - 15. Suppose 3*i - 7 = 2. Suppose 11 = x*k - b - i*b, 3*k - b - 23 = 0. What is the units digit of k?
9
Suppose -4*y = -92 - 140. Let p = y - 33. Suppose t = -3*v + p, 2*v + 7*t - 26 = 4*t. What is the units digit of v?
7
Let v = -884 - -264. What is the units digit of (-2)/(-9) - v/45?
4
Let j = -1 + 1. Suppose -4 = -4*l - j. Suppose x - 2 + l = 0. What is the units digit of x?
1
Suppose -6*y + y + 50 = 3*f, 5*y = -f + 50. What is the tens digit of y?
1
Let n(y) = -y**2 + 8*y - 4. What is the tens digit of n(4)?
1
Suppose 4*i - 14 = -z, 5*z - 3*z = 3*i - 16. Let r be (0 - 3)*(-3 - z). Suppose 0 = -v - r*v + 4. What is the units digit of v?
1
Suppose 8*b + 266 - 2194 = 0. What is the hundreds digit of b?
2
Let l(g) = -g - 12. Let w be l(-11). What is the units digit of -11*(-2)/2 + w?
0
Suppose -3*x + 13 - 32 = b, 4*x - 2*b + 42 = 0. Let f be (2/x)/((-6)/24). What is the units digit of (-3*f)/((-18)/12)?
2
Suppose 3*l + 26 = -k - k, -3*l = k + 25. Let x = l + 21. What is the units digit of x?
3
Suppose -4 = -4*s + o + o, 3*s - 3*o = 6. Suppose -4*n + 2 = -2*f, -f = 4*n - 2*n + 1. Suppose s = 5*w - n*w - 40. What is the units digit of w?
8
Let f = 10 - 6. Suppose 4*r = 4*g - 8, -2*g = -r + f*r - 29. What is the units digit of g?
7
Suppose 4*z - 68 = 2*z. Suppose -3*m = -2*m - z. Suppose 2*p = -2*i + 24, 0 = -3*i + 3*p - 5*p + m. What is the units digit of i?
0
Suppose -2*h = 3*c - 1, -3*c - 2*h = -c + 2. Suppose -4*s - 4*l + 44 = 0, 2*s - 8 - 12 = -c*l. What is the units digit of s?
3
Let z(r) = -r**2 + 22*r - 17. What is the units digit of z(15)?
8
Let a(h) = -9*h - 4. Let s(q) = -q - 1. Let l(f) = a(f) - 6*s(f). What is the tens digit of l(-3)?
1
What is the tens digit of 27/6*14 + (5 - 4)?
6
Suppose -5*f = -13*f + 928. What is the tens digit of f?
1
Let g(b) = b**2 + 6*b - 1. Let o be g(-7). Let n(d) = -d**2 + 6*d + 1. Let p be n(o). Let f = p - -12. What is the tens digit of f?
1
Let j(s) = s**3 - s**2 - s + 50. What is the units digit of j(0)?
0
Let m = 7 + -8. Let n = 4 + m. Suppose -6*c + 3*c + 5 = t, -5*t - 29 = -n*c. What is the units digit of c?
3
Let d = -13 + 19. Let j be (-1)/(d/33)*-2. Suppose -i - 2*a = -j, -4*a = -17 - 3. What is the units digit of i?
1
Let u(h) = 2*h + 1. Suppose -j - 9 = 4*w, 5*j = -5*w - 2 - 13. Let y be u(w). What is the units digit of (-1)/(6/y)*8?
4
Let y(l) = 38*l**2 + 2*l - 2. What is the units digit of y(1)?
8
Suppose 29 = 5*s + 4. Let f = s - 5. Suppose f = -0*w - w + 6. What is the units digit of w?
6
Suppose i = 5*i - 28. What is the units digit of i?
7
Suppose -2 = -4*m + 2. Let n(f) = 11*f - 4. Let y(r) = 12*r - 5. Let p(o) = 6*n(o) - 5*y(o). What is the units digit of p(m)?
7
Suppose -10*x + 649 = -461. What is the hundreds digit of x?
1
Let c be (-44)/(-10) - (-2)/(-5). Let u = -7 - -22. What is the units digit of u/6 - 2/c?
2
Let s be (-2 - -6 - 7) + -3. What is the units digit of (-2)/s + 196/6?
3
Suppose 570 + 357 = 3*w - 5*v, -4*w - 3*v + 1207 = 0. What is the units digit of w?
4
Let p(c) = -5*c - 2. Let n be p(-4). Suppose 2*i - s - 25 = 2*s, 4*s - n = -i. Let r = -8 + i. What is the units digit of r?
6
Suppose -2*a + 2*s - 8 = 6*s, 5*s = -15. Let r(g) = g**3 - 9*g**2 + 12*g + 10. Let j be r(7). What is the units digit of (-14)/(-4) - a/j?
4
Suppose 0 = -2*k - 7*f + 10*f + 294, k - f = 147. What is the hundreds digit of k?
1
Let y be (144/(-28))/(9/(-42)). What is the units digit of 3/2*272/y?
7
Let l = 1 + 0. Suppose -20 = -d + 5*g, -3 = -d + g + l. Suppose -a + 8 = -d. What is the units digit of a?
8
Let w(x) = x**3 + 11*x**2 - 4*x + 6. What is the units digit of w(-6)?
0
Suppose 5*x - b - 36 = 0, 0*x = -5*x - 5*b + 30. Let g(c) = c**2 + 4*c - x + 2*c - 2*c. What is the tens digit of g(-7)?
1
Suppose 0 = 4*j - 48. What is the tens digit of 62/4 + (-6)/j?
1
Let w = 21 - 27. Let j = w + 21. What is the tens digit of j?
1
Suppose 0 = 3*l - 6, -161 = -2*w + 3*l - 43. What is the units digit of w?
2
Let p be 6*(4/3 + -1). Let k(q) = q**3 + 2*q**2 - 4*q + 3. What is the tens digit of k(p)?
1
Let b(a) = 5*a + 1. Suppose 0 = 5*o - 3*o - 4. What is the tens digit of b(o)?
1
Let a(u) = 10*u + 2. Let b(j) = -11*j - 2. Let w(y) = -6*a(y) - 5*b(y). What is the units digit of w(-2)?
8
Suppose 4*x = 2*h + 15 - 1, 1 = -x. Let p be (-6)/h*-1*-48. Suppose -p = -3*l - 4*n, -3*n + n = -2*l - 2. What is the units digit of l?
4
Suppose -5*d - 318 = -1028. What is the units digit of d?
2
Suppose -2*q - q = -12. Let f(t) = 3*t + 0*t + q*t + 3 - t**2. What is the units digit of f(7)?
3
Suppose -8*y = -10*y + 176. What is the units digit of y?
8
Suppose -29 = -2*w + 5*s, 4*w + 17 = -0*s - 5*s. Suppose -3*n + 33 = -2*m, w*m + 44 = 2*n + 2*n. What is the units digit of n?
1
Suppose -2*c = -c. Suppose c*p - 3*p = -3. Let x(t) = 12*t**3 - 2*t**2 + 2*t - 1. What is the tens digit of x(p)?
1
Let r(n) = -n**3. Let v(p) = -2*p**3 - 6*p**2 - p + 3. Let w(o) = 3*r(o) - v(o). Let q be w(6). Suppose 3 = -2*t + q*t. What is the units digit of t?
3
Let n(i) = i**3 + 5*i**2 - 4*i + 4. Let t(h) = -4*h - 1. Let f be t(1). What is the units digit of n(f)?
4
Suppose -3*v + x = 3*x - 172, -2*x = -10. Suppose 4*y + 2*f = f + 51, -5*y + v = -2*f. What is the units digit of y?
2
Suppose 0 = 3*j + 5*u - 185, -3*u = -j + 4*j - 195. What is the units digit of j?
0
Let k = -25 + 28. What is the units digit of k?
3
Let m = -4 + 6. Suppose 19 = m*f - 5. Suppose f = 5*q - 18. What is the units digit of q?
6
Let y(l) = l + 24. Suppose -2*g - 50 = 3*g. What is the tens digit of y(g)?
1
Suppose -55 - 73 = -4*p.